81 and 901417.
209
What is the greatest common divisor of 15618113 and 245?
49
Calculate the highest common factor of 2300 and 9931700.
100
What is the highest common divisor of 3024 and 2778671?
7
What is the greatest common divisor of 63300 and 50510235?
3165
What is the highest common factor of 10447681 and 460?
23
What is the highest common factor of 29038345 and 3435?
1145
What is the greatest common divisor of 445320 and 65?
5
Calculate the highest common factor of 17857522 and 253.
23
Calculate the highest common factor of 35710800 and 3600.
1200
What is the highest common factor of 16 and 254276808?
8
What is the greatest common factor of 153329425 and 75?
25
What is the greatest common factor of 315503 and 8375?
67
What is the highest common divisor of 2499 and 2787057231?
2499
What is the highest common factor of 308300301 and 279?
279
What is the highest common divisor of 313502 and 1241669?
457
What is the highest common divisor of 7242477 and 5280?
33
What is the highest common divisor of 6426790 and 346323?
1723
What is the highest common factor of 1354573 and 2431?
11
Calculate the greatest common divisor of 799131 and 29784.
219
What is the greatest common divisor of 1042675740 and 239?
239
Calculate the highest common factor of 16076 and 92834881.
4019
Calculate the highest common factor of 26886570 and 45.
15
Calculate the greatest common factor of 80 and 92705.
5
Calculate the greatest common divisor of 188 and 1686618.
2
Calculate the greatest common factor of 3620 and 174294855.
905
What is the highest common factor of 188 and 22636422?
94
What is the greatest common divisor of 56 and 187765718?
14
Calculate the greatest common divisor of 11678364 and 72.
36
Calculate the highest common divisor of 9765 and 33066243.
1953
What is the highest common factor of 738377 and 466?
233
Calculate the greatest common divisor of 6299 and 1362.
1
What is the highest common divisor of 345600 and 518208?
192
What is the highest common factor of 63563911 and 171?
19
Calculate the greatest common factor of 30 and 841570.
10
Calculate the highest common factor of 94619412 and 218.
218
Calculate the highest common factor of 65 and 7659457.
13
What is the greatest common divisor of 15204267 and 9?
9
Calculate the highest common factor of 360 and 29553240.
120
What is the greatest common factor of 6736444 and 572?
572
Calculate the greatest common factor of 743391 and 6248.
11
Calculate the greatest common divisor of 4590 and 1031130.
270
Calculate the greatest common factor of 185578720 and 3585.
1195
Calculate the highest common factor of 72 and 1268565.
3
What is the greatest common divisor of 3357 and 14267996?
373
Calculate the highest common factor of 253414 and 5523166.
1574
Calculate the highest common divisor of 22 and 1011637.
11
Calculate the greatest common divisor of 7084 and 370909.
77
What is the greatest common divisor of 819921 and 284661?
2433
What is the highest common factor of 2238828 and 12?
12
What is the highest common factor of 19276649 and 196?
49
What is the highest common divisor of 22018 and 9156109?
109
What is the highest common factor of 3465 and 9149085?
495
Calculate the highest common factor of 5945484 and 4.
4
Calculate the highest common factor of 7058158 and 2529.
281
Calculate the highest common divisor of 30605 and 160.
5
What is the highest common divisor of 4984 and 14659012?
356
What is the highest common factor of 24280 and 32872085?
3035
What is the greatest common factor of 23704 and 17008?
8
Calculate the highest common divisor of 1008324 and 19314.
666
Calculate the highest common divisor of 112686 and 12138.
42
What is the greatest common factor of 36807462 and 5871?
309
Calculate the greatest common divisor of 2925678 and 6888.
1722
What is the highest common factor of 30 and 763233710?
10
Calculate the greatest common factor of 113258 and 646.
2
Calculate the greatest common factor of 4790 and 20469586.
958
Calculate the greatest common factor of 44289949 and 44.
11
Calculate the highest common divisor of 19613 and 549274.
11
Calculate the greatest common divisor of 24488797 and 733.
733
What is the highest common divisor of 9072 and 7980336?
3024
What is the highest common divisor of 55627 and 143308?
11
What is the highest common factor of 14893 and 1894502?
281
Calculate the greatest common divisor of 143343374 and 4497.
1499
Calculate the greatest common factor of 292 and 2308333.
73
What is the greatest common factor of 717054 and 3567?
87
Calculate the greatest common factor of 64 and 70111552.
64
What is the highest common divisor of 7915 and 1418?
1
Calculate the greatest common factor of 1908 and 7307004.
636
Calculate the highest common divisor of 7960 and 61468115.
995
What is the greatest common divisor of 12801 and 1471111?
251
Calculate the highest common factor of 41048 and 4887605884.
20524
Calculate the highest common factor of 15578644 and 303.
101
What is the highest common divisor of 4545652 and 436?
4
What is the greatest common divisor of 1210910 and 895322?
578
Calculate the greatest common factor of 8118 and 1837.
11
What is the highest common divisor of 363803 and 88?
11
Calculate the highest common divisor of 3188204 and 32.
4
Calculate the greatest common factor of 6264 and 23590746.
522
What is the highest common factor of 1154 and 87580522?
1154
What is the highest common divisor of 1041 and 4971469?
347
What is the highest common factor of 171305 and 135?
5
What is the greatest common factor of 104808 and 22638?
66
Calculate the greatest common divisor of 7209339 and 7918.
3959
What is the highest common factor of 11739254 and 26?
2
Calculate the greatest common factor of 267155 and 39865.
595
What is the greatest common divisor of 252 and 3513993?
21
Calculate the greatest common factor of 287 and 937377.
7
What is the greatest common divisor of 13203296 and 56?
8
Calculate the highest common divisor of 611817 and 257349.
327
What is the greatest common factor of 28233205 and 3080?
385
Calculate the greatest common factor of 36 and 10518363.
9
Calculate the highest common factor of 24371448 and 51912.
2472
Calculate the greatest common divisor of 132292387 and 2787.
929
What is the highest common divisor of 68663 and 7104601?
4039
What is the greatest common divisor of 199 and 2022437?
199
Calculate the highest common divisor of 79575114 and 1746.
582
What is the greatest common factor of 165953 and 2657141?
631
Calculate the highest common factor of 49126 and 7001876.
406
What is the greatest common divisor of 10901640 and 48?
24
Calculate the highest common factor of 19750 and 717320.
790
What is the highest common divisor of 1408 and 4680260992?
1408
Calculate the highest common factor of 286 and 1176505.
11
Calculate the greatest common factor of 992252208 and 96.
48
What is the greatest common divisor of 124935132 and 696?
348
What is the highest common factor of 803260 and 52?
4
What is the greatest common divisor of 81216 and 222357?
141
Calculate the greatest common divisor of 2886492 and 80556.
588
What is the highest common divisor of 567 and 2312793?
567
Calculate the highest common divisor of 260614086 and 1116.
186
What is the greatest common divisor of 157945 and 1430185?
155
What is the greatest common divisor of 31800 and 41472?
24
What is the highest common divisor of 27264 and 5135616?
384
Calculate the greatest common factor of 36 and 273728412.
36
Calculate the highest common factor of 3717 and 45999999.
531
What is the greatest common factor of 6201 and 37523629?
689
Calculate the greatest common divisor of 26 and 24628643.
13
Calculate the highest common factor of 7590 and 95418030.
690
What is the highest common factor of 45858 and 258?
6
What is the greatest common factor of 2538 and 873867663?
1269
Calculate the greatest common factor of 670 and 17018.
134
Calculate the greatest common factor of 17267409 and 22626.
3771
What is the highest common divisor of 37 and 23838989?
37
What is the highest common factor of 57318 and 76137?
123
What is the highest common divisor of 277259 and 1?
1
What is the highest common divisor of 13649936 and 34128?
1264
Calculate the highest common factor of 10012 and 579492057.
2503
Calculate the highest